greatest common factor of 864 and 126.
18
Calculate the highest common divisor of 762 and 6.
6
Calculate the highest common factor of 114 and 360.
6
Calculate the highest common factor of 660 and 5640.
60
Calculate the highest common divisor of 173 and 56225.
173
What is the greatest common factor of 1557 and 63?
9
Calculate the highest common factor of 4240 and 53.
53
Calculate the greatest common divisor of 1612 and 124.
124
Calculate the greatest common factor of 2479 and 134.
67
Calculate the highest common divisor of 112 and 752.
16
What is the greatest common factor of 13 and 325?
13
What is the greatest common factor of 2795 and 860?
215
Calculate the greatest common divisor of 54 and 1728.
54
What is the greatest common divisor of 120 and 150?
30
What is the greatest common divisor of 15 and 315?
15
Calculate the greatest common divisor of 110 and 10.
10
What is the greatest common factor of 901 and 17?
17
Calculate the highest common factor of 48 and 39.
3
What is the highest common divisor of 115 and 85?
5
What is the highest common factor of 5 and 855?
5
What is the highest common divisor of 2604 and 84?
84
Calculate the highest common divisor of 34 and 6562.
34
What is the highest common factor of 2778 and 18?
6
Calculate the greatest common divisor of 114 and 3363.
57
Calculate the greatest common factor of 114 and 4218.
114
What is the greatest common divisor of 28 and 1036?
28
What is the highest common factor of 660 and 465?
15
Calculate the greatest common divisor of 1121 and 855.
19
Calculate the highest common factor of 7557 and 33.
33
What is the greatest common factor of 10 and 225?
5
What is the highest common factor of 1055 and 14559?
211
Calculate the highest common factor of 9 and 1413.
9
Calculate the greatest common divisor of 143 and 198.
11
Calculate the highest common factor of 76 and 20653.
19
Calculate the greatest common divisor of 19 and 38.
19
What is the greatest common factor of 27 and 72?
9
What is the highest common divisor of 546 and 952?
14
Calculate the highest common divisor of 96 and 852.
12
What is the highest common divisor of 525 and 315?
105
What is the greatest common divisor of 104 and 182?
26
Calculate the greatest common factor of 21 and 203.
7
Calculate the highest common divisor of 23584 and 64.
32
Calculate the greatest common divisor of 527 and 186.
31
Calculate the greatest common factor of 21 and 273.
21
Calculate the greatest common divisor of 95 and 1615.
95
What is the greatest common divisor of 7029 and 99?
99
Calculate the greatest common factor of 11 and 53801.
11
What is the greatest common divisor of 227 and 6583?
227
Calculate the greatest common divisor of 40185 and 76.
19
What is the greatest common factor of 924 and 3360?
84
Calculate the greatest common divisor of 100 and 80.
20
Calculate the highest common divisor of 371 and 53.
53
Calculate the greatest common divisor of 352 and 96.
32
Calculate the highest common divisor of 40 and 350.
10
Calculate the greatest common factor of 49 and 203.
7
What is the highest common factor of 12 and 356?
4
Calculate the greatest common factor of 225 and 171.
9
Calculate the greatest common divisor of 25 and 10325.
25
What is the greatest common divisor of 1066 and 82?
82
Calculate the greatest common factor of 6378 and 6.
6
What is the highest common divisor of 89 and 37?
1
What is the greatest common divisor of 5420 and 20?
20
Calculate the highest common factor of 198 and 561.
33
What is the greatest common divisor of 3690 and 54?
18
What is the highest common factor of 1910 and 10?
10
What is the highest common factor of 6 and 30?
6
Calculate the highest common factor of 259 and 37.
37
Calculate the highest common divisor of 664 and 8.
8
What is the highest common divisor of 198 and 55?
11
What is the highest common divisor of 15 and 1005?
15
Calculate the greatest common divisor of 54 and 48.
6
What is the highest common factor of 47216 and 32?
16
What is the greatest common divisor of 76 and 2869?
19
Calculate the greatest common divisor of 184 and 25208.
184
What is the greatest common factor of 24 and 96?
24
What is the highest common factor of 490 and 2254?
98
What is the highest common divisor of 2077 and 682?
31
Calculate the highest common factor of 10308 and 24.
12
Calculate the greatest common divisor of 2034 and 54.
18
What is the highest common factor of 954 and 18?
18
Calculate the highest common factor of 9 and 6381.
9
What is the greatest common divisor of 1242 and 270?
54
What is the highest common factor of 15 and 1431?
3
Calculate the greatest common divisor of 9 and 117.
9
Calculate the highest common factor of 152 and 95.
19
Calculate the greatest common divisor of 1961 and 37.
37
What is the highest common divisor of 17 and 544?
17
Calculate the greatest common divisor of 9641 and 62.
31
Calculate the highest common factor of 17 and 493.
17
Calculate the greatest common divisor of 705 and 3243.
141
Calculate the greatest common factor of 27 and 864.
27
What is the highest common factor of 4 and 844?
4
Calculate the greatest common divisor of 183 and 1220.
61
What is the greatest common divisor of 517 and 66?
11
What is the greatest common divisor of 100 and 75?
25
Calculate the highest common divisor of 10402 and 56.
14
Calculate the highest common factor of 840 and 765.
15
Calculate the greatest common divisor of 780 and 110.
10
What is the highest common divisor of 1 and 43?
1
What is the highest common factor of 5 and 5?
5
Calculate the highest common divisor of 21 and 2751.
21
What is the greatest common factor of 11 and 429?
11
What is the highest common divisor of 128 and 112?
16
Calculate the greatest common divisor of 41 and 7462.
41
What is the greatest common factor of 273 and 208?
13
What is the greatest common factor of 75 and 825?
75
Calculate the greatest common factor of 130 and 10.
10
What is the greatest common divisor of 7736 and 56?
8
Calculate the highest common divisor of 192 and 528.
48
What is the greatest common factor of 874 and 46?
46
Calculate the greatest common factor of 66 and 99.
33
What is the greatest common divisor of 15 and 3093?
3
What is the highest common factor of 25 and 20?
5
Calculate the greatest common factor of 88497 and 9.
9
What is the highest common factor of 1971 and 27?
27
Calculate the greatest common divisor of 115 and 35.
5
What is the greatest common factor of 56 and 196?
28
What is the greatest common divisor of 493 and 17?
17
What is the highest common divisor of 1104 and 432?
48
What is the greatest common divisor of 4068 and 36?
36
What is the greatest common divisor of 440 and 8140?
220
What is the greatest common divisor of 52576 and 186?
62
Calculate the highest common divisor of 18610 and 10.
10
Calculate the highest common factor of 553 and 4661.
79
Calculate the highest common factor of 14599 and 13.
13
What is the greatest common factor of 20 and 485?
5
What is the highest common factor of 3528 and 112?
56
Calculate the greatest common factor of 20 and 65.
5
What is the highest common factor of 2750 and 55?
55
What is the greatest common divisor of 75 and 25200?
75
Calculate the greatest common factor of 168 and 11064.
24
What is the greatest common divisor of 48 and 276?
12
Calculate the greatest common divisor of 319 and 11.
11
Calculate the highest common factor of 98 and 42.
14
Calculate the highest common divisor of 17930 and 22.
22
What is the greatest common divisor of 7 and 378?
7
What is the highest common factor of 32 and 1268?
4
Calculate the highest common factor of 1300 and 1625.
325
What is the greatest common factor of 1536 and 24?
24
Calculate the greatest common factor of 8 and 744.
8
Calculate the highest common factor of 2235 and 30.
15
What is the greatest common factor of 93 and 3?
3
What is the greatest common divisor of 25 and 3775?
25
Calculate the greatest common divisor of 11 and 1375.
11
What is the greatest common factor of 33 and 55?
11
What is the greatest common factor of 414 and 162?
18
Calculate the greatest common divisor of 4 and 2.
2
What is the greatest common factor of 602 and 98?
14
What is the greatest common divisor of 3117 and 6?
3
Calculate the highest common divisor of 128 and 8896.
64
What is the hig